{"id":1464,"date":"2017-09-28T17:52:27","date_gmt":"2017-09-28T17:52:27","guid":{"rendered":"http:\/\/www.comptoirsinde.org\/?page_id=1464"},"modified":"2017-11-09T18:41:54","modified_gmt":"2017-11-09T18:41:54","slug":"edition-2017","status":"publish","type":"page","link":"https:\/\/www.comptoirsinde.org\/?page_id=1464","title":{"rendered":"\u00c9dition 2017"},"content":{"rendered":"<h3 style=\"text-align: center;\"><span style=\"color: #993300;\"><strong>En avant-premi\u00e8re du Salon<\/strong><\/span><br \/>\n<span style=\"color: #993300;\"><strong>Le Samedi 18 Novembre \u00e0 14h30<\/strong><\/span><br \/>\n<span style=\"color: #993300;\"><strong>Au pavillon \u00ab\u00a0Carr\u00e9 de Beaudoin\u00a0\u00bb<\/strong><\/span><\/h3>\n<p><a href=\"http:\/\/www.comptoirsinde.org\/wp\/wp-content\/uploads\/2017\/11\/2017-Affiche-film-Ele\u0301phants.jpg\" target=\"_blank\" rel=\"noopener noreferrer\"><img loading=\"lazy\" class=\"aligncenter wp-image-1549\" src=\"http:\/\/www.comptoirsinde.org\/wp\/wp-content\/uploads\/2017\/11\/2017-Affiche-film-Ele\u0301phants-212x300.jpg\" alt=\"\" width=\"192\" height=\"272\" srcset=\"https:\/\/www.comptoirsinde.org\/wp\/wp-content\/uploads\/2017\/11\/2017-Affiche-film-Ele\u0301phants-212x300.jpg 212w, https:\/\/www.comptoirsinde.org\/wp\/wp-content\/uploads\/2017\/11\/2017-Affiche-film-Ele\u0301phants-600x848.jpg 600w, https:\/\/www.comptoirsinde.org\/wp\/wp-content\/uploads\/2017\/11\/2017-Affiche-film-Ele\u0301phants-768x1086.jpg 768w, https:\/\/www.comptoirsinde.org\/wp\/wp-content\/uploads\/2017\/11\/2017-Affiche-film-Ele\u0301phants-724x1024.jpg 724w, https:\/\/www.comptoirsinde.org\/wp\/wp-content\/uploads\/2017\/11\/2017-Affiche-film-Ele\u0301phants.jpg 1754w\" sizes=\"(max-width: 192px) 100vw, 192px\" \/><\/a><\/p>\n<h3><strong>Cliquer sur les liens ci-dessous pour t\u00e9l\u00e9charger\/visualiser :<\/strong><\/h3>\n<ul>\n<li><strong><span style=\"text-decoration: underline;\"><span style=\"color: #0000ff; text-decoration: underline;\"><a style=\"color: #0000ff; text-decoration: underline;\" href=\"http:\/\/www.comptoirsinde.org\/wp\/wp-content\/uploads\/2017\/11\/Programme-complet-Inde-des-livres-2017.pdf\" target=\"_blank\" rel=\"noopener noreferrer\">Le programme complet<\/a><\/span><\/span><\/strong><\/li>\n<li><span style=\"text-decoration: underline;\"><span style=\"color: #0000ff; text-decoration: underline;\"><a style=\"color: #0000ff; text-decoration: underline;\" href=\"http:\/\/www.comptoirsinde.org\/wp\/wp-content\/uploads\/2017\/09\/2017_09_29_A3-LInde-des-Livres-2017.jpg\" target=\"_blank\" rel=\"noopener noreferrer\"><strong>L&rsquo;affiche de l\u2019\u00e9v\u00e9nement<\/strong><\/a><\/span><\/span><\/li>\n<li><span style=\"text-decoration: underline;\"><span style=\"color: #0000ff; text-decoration: underline;\"><a style=\"color: #0000ff; text-decoration: underline;\" href=\"http:\/\/www.comptoirsinde.org\/wp\/wp-content\/uploads\/2017\/09\/2017-IDL-Flyer-A5.pdf\" target=\"_blank\" rel=\"noopener noreferrer\"><strong>La pr\u00e9sentation du salon (flyer)<\/strong><\/a><\/span><\/span><\/li>\n<li><span style=\"text-decoration: underline;\"><span style=\"color: #0000ff; text-decoration: underline;\"><a style=\"color: #0000ff; text-decoration: underline;\" href=\"http:\/\/www.comptoirsinde.org\/wp\/wp-content\/uploads\/2017\/09\/2017-DOSSIER-DE-PRESSE-IDL-.pdf\" target=\"_blank\" rel=\"noopener noreferrer\"><strong>Le dossier de presse complet<\/strong><\/a><\/span><\/span><\/li>\n<li><span style=\"text-decoration: underline;\"><span style=\"color: #0000ff; text-decoration: underline;\"><a style=\"color: #0000ff; text-decoration: underline;\" href=\"http:\/\/www.comptoirsinde.org\/wp\/wp-content\/uploads\/2017\/10\/2017_10_10_A4-Ateliers_Enfants_IDLjpg.jpg\" target=\"_blank\" rel=\"noopener noreferrer\"><strong>Les Ateliers pour enfants<\/strong><\/a><\/span><\/span><\/li>\n<\/ul>\n<p>&nbsp;<\/p>\n<h3 style=\"text-align: center;\"><a href=\"http:\/\/www.comptoirsinde.org\/wp\/wp-content\/uploads\/2017\/11\/2017_09_29_A3-LInde-des-Livres-2017.jpg\"><img loading=\"lazy\" class=\"aligncenter wp-image-1550 \" src=\"http:\/\/www.comptoirsinde.org\/wp\/wp-content\/uploads\/2017\/11\/2017_09_29_A3-LInde-des-Livres-2017-724x1024.jpg\" alt=\"\" width=\"571\" height=\"808\" srcset=\"https:\/\/www.comptoirsinde.org\/wp\/wp-content\/uploads\/2017\/11\/2017_09_29_A3-LInde-des-Livres-2017-724x1024.jpg 724w, https:\/\/www.comptoirsinde.org\/wp\/wp-content\/uploads\/2017\/11\/2017_09_29_A3-LInde-des-Livres-2017-600x849.jpg 600w, https:\/\/www.comptoirsinde.org\/wp\/wp-content\/uploads\/2017\/11\/2017_09_29_A3-LInde-des-Livres-2017-212x300.jpg 212w, https:\/\/www.comptoirsinde.org\/wp\/wp-content\/uploads\/2017\/11\/2017_09_29_A3-LInde-des-Livres-2017-768x1086.jpg 768w, https:\/\/www.comptoirsinde.org\/wp\/wp-content\/uploads\/2017\/11\/2017_09_29_A3-LInde-des-Livres-2017-scaled.jpg 1810w\" sizes=\"(max-width: 571px) 100vw, 571px\" \/><\/a><\/h3>\n<h3 style=\"text-align: center;\"><span style=\"color: #ffffff;\">A<\/span><\/h3>\n<p><strong>PR\u00c9SENTATION<\/strong>\u00a0:<\/p>\n<p><strong>La septi\u00e8me \u00e9dition L\u2019Inde des livres s\u2019ouvre cette ann\u00e9e dans le cadre des comm\u00e9morations du 70\u00e8me anniversaire de l\u2019ind\u00e9pendance de l\u2019Inde. C\u2019est l\u2019occasion de mettre plus que jamais en lumi\u00e8re la culture et les lettres de ce grand pays gr\u00e2ce aux nombreux \u00e9v\u00e9nements organis\u00e9s pendant deux jours \u00e0 la Mairie du 20\u00e8me arrondissement de Paris. \u00c9crivains indiens et fran\u00e7ais, traducteurs, \u00e9diteurs et sp\u00e9cialistes du monde indien,seront r\u00e9unis autour d\u2019un programme exceptionnel d\u2019entretiens et de rencontres th\u00e9matiques. Les visiteurs pourront d\u00e9couvrir une grande librairie consacr\u00e9e \u00e0 l\u2019Inde, des auteurs en d\u00e9dicace, des expositions, des ateliers et des temps d\u2019animations.<\/strong><\/p>\n","protected":false},"excerpt":{"rendered":"<p>En avant-premi\u00e8re du Salon Le Samedi 18 Novembre \u00e0 14h30 Au pavillon \u00ab\u00a0Carr\u00e9 de Beaudoin\u00a0\u00bb Cliquer sur les liens ci-dessous pour t\u00e9l\u00e9charger\/visualiser : Le programme complet L&rsquo;affiche de l\u2019\u00e9v\u00e9nement La pr\u00e9sentation du salon (flyer) Le dossier de presse complet Les Ateliers pour enfants &nbsp; A PR\u00c9SENTATION\u00a0: La septi\u00e8me \u00e9dition L\u2019Inde des livres s\u2019ouvre cette ann\u00e9e &hellip;<\/p>\n","protected":false},"author":3,"featured_media":0,"parent":110,"menu_order":0,"comment_status":"closed","ping_status":"closed","template":"one-column.php","meta":[],"_links":{"self":[{"href":"https:\/\/www.comptoirsinde.org\/index.php?rest_route=\/wp\/v2\/pages\/1464"}],"collection":[{"href":"https:\/\/www.comptoirsinde.org\/index.php?rest_route=\/wp\/v2\/pages"}],"about":[{"href":"https:\/\/www.comptoirsinde.org\/index.php?rest_route=\/wp\/v2\/types\/page"}],"author":[{"embeddable":true,"href":"https:\/\/www.comptoirsinde.org\/index.php?rest_route=\/wp\/v2\/users\/3"}],"replies":[{"embeddable":true,"href":"https:\/\/www.comptoirsinde.org\/index.php?rest_route=%2Fwp%2Fv2%2Fcomments&post=1464"}],"version-history":[{"count":20,"href":"https:\/\/www.comptoirsinde.org\/index.php?rest_route=\/wp\/v2\/pages\/1464\/revisions"}],"predecessor-version":[{"id":1557,"href":"https:\/\/www.comptoirsinde.org\/index.php?rest_route=\/wp\/v2\/pages\/1464\/revisions\/1557"}],"up":[{"embeddable":true,"href":"https:\/\/www.comptoirsinde.org\/index.php?rest_route=\/wp\/v2\/pages\/110"}],"wp:attachment":[{"href":"https:\/\/www.comptoirsinde.org\/index.php?rest_route=%2Fwp%2Fv2%2Fmedia&parent=1464"}],"curies":[{"name":"wp","href":"https:\/\/api.w.org\/{rel}","templated":true}]}}