{"id":15,"date":"2011-02-08T11:06:57","date_gmt":"2011-02-08T11:06:57","guid":{"rendered":"http:\/\/www.comptoirsinde.org\/wp\/?page_id=15"},"modified":"2020-05-28T02:14:56","modified_gmt":"2020-05-28T00:14:56","slug":"equipe","status":"publish","type":"page","link":"https:\/\/www.comptoirsinde.org\/?page_id=15","title":{"rendered":"L&rsquo;\u00e9quipe"},"content":{"rendered":"\n<h4>L&rsquo;Association est reconnue \u00ab\u00a0d&rsquo;&nbsp;Education Populaire\u00a0\u00bb par le Minist\u00e8re de la Jeunesse et des Sports. Agr\u00e9ment n\u00b0 75-JEP-08-22.<\/h4>\n\n\n\n<h4 class=\"has-text-align-center\"><strong>Notre Equipe<\/strong><\/h4>\n\n\n\n<div class=\"wp-block-group\"><div class=\"wp-block-group__inner-container\">\n<figure class=\"wp-block-table is-style-stripes\"><table><tbody><tr><td>\n<h4><span style=\"color: #000000;\">Pr\u00e9sident d&rsquo;honneur :<\/span><\/h4>\n<\/td><td>\n<h4><span style=\"color: #000000;\">Xavier DENIAU<br><\/span><span style=\"color: #000000;\">\u2020<\/span><span style=\"color: #000000;\"> ancien ministre<\/span><\/h4>\n<\/td><\/tr><tr><td>\n<h4>Pr\u00e9sident :<\/h4>\n<\/td><td>\n<h4>Douglas GRESSIEUX<\/h4>\n<\/td><\/tr><tr><td>\n<h4>Vice-Pr\u00e9sidents :<\/h4>\n<\/td><td>\n<h4>Charles FRAN\u00c7ISQUE<\/h4>\n<h4>Tanguy DUPLEIX<\/h4>\n<\/td><\/tr><tr><td>\n<h4>Secr\u00e9taire G\u00e9n\u00e9ral :<\/h4>\n<\/td><td>\n<h4>Marie-Jeanne GRESSIEUX<\/h4>\n<\/td><\/tr><tr><td>\n<h4>Secr\u00e9taire G\u00e9n\u00e9ral Adjoint :<\/h4>\n<\/td><td>\n<h4>Patrick SAINTAMON<\/h4>\n<\/td><\/tr><tr><td>\n<h4>Tr\u00e9sorier :<\/h4>\n<\/td><td>\n<h4>Fay\u00e7al AHMED<\/h4>\n<\/td><\/tr><tr><td>\n<h4>Tr\u00e9sorier adjoint :<\/h4>\n<\/td><td>\n<h4>Christian DANIEL<\/h4>\n<\/td><\/tr><tr><td>\n<h4>Autres membres du Conseil d&rsquo;Administration&nbsp;:<\/h4>\n<\/td><td>\n<h4>Alain MALLET<br>Philippe RICHARD<br>Soudarassane NADARAJAN<br>Ronald TOURANT<\/h4>\n<\/td><\/tr><\/tbody><\/table><\/figure>\n<\/div><\/div>\n","protected":false},"excerpt":{"rendered":"<p>L&rsquo;Association est reconnue \u00ab\u00a0d&rsquo;&nbsp;Education Populaire\u00a0\u00bb par le Minist\u00e8re de la Jeunesse et des Sports. Agr\u00e9ment n\u00b0 75-JEP-08-22. Notre Equipe<\/p>\n","protected":false},"author":1,"featured_media":0,"parent":2,"menu_order":2,"comment_status":"closed","ping_status":"closed","template":"","meta":[],"_links":{"self":[{"href":"https:\/\/www.comptoirsinde.org\/index.php?rest_route=\/wp\/v2\/pages\/15"}],"collection":[{"href":"https:\/\/www.comptoirsinde.org\/index.php?rest_route=\/wp\/v2\/pages"}],"about":[{"href":"https:\/\/www.comptoirsinde.org\/index.php?rest_route=\/wp\/v2\/types\/page"}],"author":[{"embeddable":true,"href":"https:\/\/www.comptoirsinde.org\/index.php?rest_route=\/wp\/v2\/users\/1"}],"replies":[{"embeddable":true,"href":"https:\/\/www.comptoirsinde.org\/index.php?rest_route=%2Fwp%2Fv2%2Fcomments&post=15"}],"version-history":[{"count":22,"href":"https:\/\/www.comptoirsinde.org\/index.php?rest_route=\/wp\/v2\/pages\/15\/revisions"}],"predecessor-version":[{"id":2652,"href":"https:\/\/www.comptoirsinde.org\/index.php?rest_route=\/wp\/v2\/pages\/15\/revisions\/2652"}],"up":[{"embeddable":true,"href":"https:\/\/www.comptoirsinde.org\/index.php?rest_route=\/wp\/v2\/pages\/2"}],"wp:attachment":[{"href":"https:\/\/www.comptoirsinde.org\/index.php?rest_route=%2Fwp%2Fv2%2Fmedia&parent=15"}],"curies":[{"name":"wp","href":"https:\/\/api.w.org\/{rel}","templated":true}]}}