{"id":729,"date":"2016-10-12T11:48:24","date_gmt":"2016-10-12T11:48:24","guid":{"rendered":"http:\/\/www.comptoirsinde.org\/?page_id=729"},"modified":"2018-08-13T18:48:40","modified_gmt":"2018-08-13T18:48:40","slug":"conferences-a-theme","status":"publish","type":"page","link":"https:\/\/www.comptoirsinde.org\/?page_id=729","title":{"rendered":"Les conf\u00e9rences"},"content":{"rendered":"<ul>\n<li>\n<h2>Les conf\u00e9rences<\/h2>\n<\/li>\n<\/ul>\n<p><a href=\"http:\/\/www.comptoirsinde.org\/wp\/wp-content\/uploads\/2011\/03\/expo_75020-2.jpg\"><img loading=\"lazy\" class=\"aligncenter size-medium wp-image-140\" src=\"http:\/\/www.comptoirsinde.org\/wp\/wp-content\/uploads\/2011\/03\/expo_75020-2-199x300.jpg\" alt=\"Douglas Gressieux\" width=\"199\" height=\"300\" srcset=\"https:\/\/www.comptoirsinde.org\/wp\/wp-content\/uploads\/2011\/03\/expo_75020-2-199x300.jpg 199w, https:\/\/www.comptoirsinde.org\/wp\/wp-content\/uploads\/2011\/03\/expo_75020-2.jpg 399w\" sizes=\"(max-width: 199px) 100vw, 199px\" \/><\/a><\/p>\n<p>&nbsp;<\/p>\n<p><strong>L\u2019Association propose de nombreuses conf\u00e9rences toute l\u2019ann\u00e9e sur des sujets politique, historique, soci\u00e9tal parmi lesquels :<\/strong><\/p>\n<ul>\n<li>L\u2019inde au seuil du 21\u00e8me si\u00e8cle.<\/li>\n<li>Les Chr\u00e9tiens en Inde.<\/li>\n<li>L\u2019Islam en Inde.<\/li>\n<li>Les Comptoirs de l\u2019Inde.<\/li>\n<li>Les Intouchables.<\/li>\n<li>La Femme en Inde.<\/li>\n<li>L\u2019Inde : G\u00e9opolitique et G\u00e9ostrat\u00e9gie.<\/li>\n<li>L\u2019Inde dans l\u2019Oc\u00e9an Indien.<\/li>\n<li>Gandhi et Romain Rolland.<\/li>\n<li>L\u2019Enseignement du Fran\u00e7ais en Inde.<\/li>\n<li>Les Soldats Indiens en France : 1914-1918.<\/li>\n<li>Les Bayad\u00e8res (Danseuses Sacr\u00e9es des Temples).<\/li>\n<li>Les Antillais d\u2019origine indienne.<\/li>\n<li>La Diaspora Tamoule.<\/li>\n<li>Les Tisserands Indiens de THIEUX (77)<\/li>\n<li><\/li>\n<\/ul>\n<p>L\u2019Association a \u00e9galement organis\u00e9 2 colloques au S\u00e9nat en 1994 et 2004 pour les 40\u00e8me\u00a0et 50\u00e8me\u00a0anniversaire du transfert des Comptoirs \u00e0 l&rsquo;Inde.<\/p>\n<p>Avec la cr\u00e9ation du Centre culturel et de documentation, l\u2019Association m\u00e8ne des recherches sur la diaspora indienne aux Antilles. Elle a pr\u00e9sent\u00e9 son exposition sur les Antillais d\u2019origine indienne (avec conf\u00e9rences) en Guadeloupe et en Martinique. Elle a organis\u00e9 le 18 mars 2011 avec la d\u00e9l\u00e9gation g\u00e9n\u00e9rale \u00e0 l\u2019Outre-Mer de la Mairie de Paris une rencontre-d\u00e9bat \u00e0 l\u2019Auditorium de l\u2019H\u00f4tel de Ville sur \u00ab\u00a0l\u2019Inde en Outre-Mer\u00a0\u00bb.<\/p>\n<p>L\u2019Association est en liaison avec le Centre National de l\u2019Histoire de l\u2019Immigration.<\/p>\n<p>De nombreux \u00e9tudiants consultent notre centre pour r\u00e9aliser leur m\u00e9moire soit sur la diaspora indienne en France soit sur l\u2019immigration des Pondich\u00e9riens tamouls en France.<\/p>\n<p>&nbsp;<\/p>\n<p>&nbsp;<\/p>\n","protected":false},"excerpt":{"rendered":"<p>Les conf\u00e9rences &nbsp; L\u2019Association propose de nombreuses conf\u00e9rences toute l\u2019ann\u00e9e sur des sujets politique, historique, soci\u00e9tal parmi lesquels : L\u2019inde au seuil du 21\u00e8me si\u00e8cle. Les Chr\u00e9tiens en Inde. L\u2019Islam en Inde. Les Comptoirs de l\u2019Inde. Les Intouchables. La Femme en Inde. L\u2019Inde : G\u00e9opolitique et G\u00e9ostrat\u00e9gie. L\u2019Inde dans l\u2019Oc\u00e9an Indien. Gandhi et Romain Rolland. &hellip;<\/p>\n","protected":false},"author":2,"featured_media":0,"parent":0,"menu_order":0,"comment_status":"open","ping_status":"closed","template":"one-column.php","meta":[],"_links":{"self":[{"href":"https:\/\/www.comptoirsinde.org\/index.php?rest_route=\/wp\/v2\/pages\/729"}],"collection":[{"href":"https:\/\/www.comptoirsinde.org\/index.php?rest_route=\/wp\/v2\/pages"}],"about":[{"href":"https:\/\/www.comptoirsinde.org\/index.php?rest_route=\/wp\/v2\/types\/page"}],"author":[{"embeddable":true,"href":"https:\/\/www.comptoirsinde.org\/index.php?rest_route=\/wp\/v2\/users\/2"}],"replies":[{"embeddable":true,"href":"https:\/\/www.comptoirsinde.org\/index.php?rest_route=%2Fwp%2Fv2%2Fcomments&post=729"}],"version-history":[{"count":13,"href":"https:\/\/www.comptoirsinde.org\/index.php?rest_route=\/wp\/v2\/pages\/729\/revisions"}],"predecessor-version":[{"id":1884,"href":"https:\/\/www.comptoirsinde.org\/index.php?rest_route=\/wp\/v2\/pages\/729\/revisions\/1884"}],"wp:attachment":[{"href":"https:\/\/www.comptoirsinde.org\/index.php?rest_route=%2Fwp%2Fv2%2Fmedia&parent=729"}],"curies":[{"name":"wp","href":"https:\/\/api.w.org\/{rel}","templated":true}]}}